10))/(-5)*(-2)/(-3). Suppose -j*f = -1568 - 4627. What is the units digit of f?
9
Suppose 4*d - 1874 = -2*z - d, -4*z = -5*d - 3748. Suppose -4*h = -2427 - z. What is the hundreds digit of h?
8
Let d(j) = -68*j - 3. Let s(r) = 4*r**3 + r**2 + r - 1. Let h be s(1). Suppose -h = -f - 6. What is the tens digit of d(f)?
6
Suppose -5*h - 78 = 92. Let u = 55 + h. Suppose 5*y + w - u = 60, -5*y - 5*w + 85 = 0. What is the units digit of y?
6
Let x be 20/(-110) + 378/22. Suppose x*t = 23*t - 462. What is the tens digit of t?
7
Suppose 3*c + 699 = 4*r, -22*r - 240 = c - 21*r. Let z = -172 - c. What is the units digit of z?
5
Let l(g) = -1160*g - 1251. What is the ten thousands digit of l(-65)?
7
Suppose t + 0*t - 1 = 0, t = 5*o - 9. Suppose -4*i = 4*w - 0*w - 2492, -2*w - 1258 = -o*i. What is the units digit of i?
6
Let h = 298 - 274. What is the units digit of (-12)/14*(-5208)/h?
6
Let c = -5291 - -8954. What is the hundreds digit of c?
6
Suppose 111*l - 119*l + 56384 = 0. What is the thousands digit of l?
7
What is the units digit of (3 - ((-78)/(-24) + -3))*(82 - -2)?
1
Let h(k) = k**3 + 9*k**2 + 3*k - 3. Let q be h(-6). Let u = q - 81. Suppose -946 = -u*v + 740. What is the tens digit of v?
8
Let h(w) = w**3 + 67*w**2 + 142*w + 496. What is the tens digit of h(-56)?
4
Suppose -2*f + 152 = 2*u, u - 3*f - 63 = 29. Let c be -1 + (-3)/2*u/(-30). Suppose -c*j = -410 - 364. What is the hundreds digit of j?
2
Let n = 16123 + 1110. What is the ten thousands digit of n?
1
Suppose 0 = -0*b + 7*b - 119. Let a be 32/b - 4/(-34). What is the units digit of 1/(3/(-60))*(-9)/a?
0
Let n(i) = 7024*i**2 - 106*i + 217. What is the thousands digit of n(2)?
8
Let j(k) = 19 + 95*k - 7 + 41 - 69*k. What is the tens digit of j(6)?
0
Let n = 40817 + -4601. What is the units digit of n?
6
Let o = -96 - -93. Let l(r) = -14*r**3 - 4*r**2 + 2. What is the units digit of l(o)?
4
Suppose -37*g + 27150 = -222859. What is the units digit of g?
7
Suppose -145857 = -5*w - 3*u, 35454 = -5*w - 2*u + 181307. What is the ten thousands digit of w?
2
Let b be (-14)/119 - 924/(-51). Suppose -11*t + 73 = b. What is the units digit of t?
5
Let x(c) = -19*c. Let y be x(-3). Let r be (-14)/(-4) - y/38. Suppose i - 7 = -r. What is the units digit of i?
5
Let b(v) = v**3 + 28*v**2 + 28*v + 30. Let f be b(-27). Let g(n) = 23*n - 6. Let p(m) = -8*m + 2. Let u(c) = 3*g(c) + 8*p(c). What is the units digit of u(f)?
3
Let h be 3/((-9)/2)*-21. Suppose 116*w + 7210 = 123*w. What is the tens digit of (-6)/h - w/(-35)?
2
Let a = 24560 + -13234. What is the hundreds digit of a?
3
Let v = -8 - -6. Let u(r) = -11*r**3 + 9*r**2 - r + 6. Let x(j) = -33*j**3 + 25*j**2 - 3*j + 17. Let p(y) = -17*u(y) + 6*x(y). What is the tens digit of p(v)?
7
Suppose -2*n + 9 = -11*n. Let v be (3*3/(-9))/n. Suppose -5*h = -p - 5 - v, 0 = -p - 5*h + 34. What is the tens digit of p?
1
Let z be ((-656)/(-6))/((-41)/123). Let u = -236 - z. What is the tens digit of u?
9
Let h be (-4 - (8 + -14)) + -2*2. Let j(o) = 5*o + 3 - o - 5*o**3 + 2*o**3 + 0*o**2 + 2*o**2. What is the tens digit of j(h)?
2
What is the tens digit of -13031*5/(14 + -19)?
3
What is the hundreds digit of (-67572)/(-27) - (-3)/9?
5
Suppose -z - 14*z + 52425 = 0. What is the tens digit of z?
9
Let k = 38 - 36. Suppose 5*i + 62 = -2*w, 0 = -k*i + 4*w - 2*w - 36. What is the units digit of (i + 17)*-146*(-2)/6?
6
Suppose 9*k - 9 = 6*k. Let b(s) = 2*s - 14*s + k - 5. What is the tens digit of b(-11)?
3
Let u be 123 - 10 - (1 + 1). Let d = u - 88. Let n(r) = 2*r + 17. What is the units digit of n(d)?
3
Let r be 18656/48*(4 - 1). Let g = r - 821. Let o = g + -244. What is the tens digit of o?
0
Let n = -19 + 31. Let x = 32 + -28. Suppose -x*b = -2*a - 200, -b + 37 = -a - n. What is the units digit of b?
1
Suppose -92*t = -90*t + 5*f - 96305, 3*t = 2*f + 144448. What is the units digit of t?
0
Let g be (0 - -16)*(-96 - -74). Let n = g - -848. What is the hundreds digit of n?
4
Suppose -4*s + 132 = -l, -132 = l - 0*s + 3*s. Let v(r) = -6*r - 218. Let b be v(-4). Let w = l - b. What is the tens digit of w?
6
Let g = -1282 + 17330. What is the ten thousands digit of g?
1
Let r = -433 + 617. Suppose 0 = -39*l + 40*l - r. What is the tens digit of l?
8
Let m = 1529 - -666. What is the thousands digit of m?
2
Let q(c) = 25*c + 63. Let m be q(9). Suppose -12*b = -10*b - m. What is the tens digit of b?
4
Let h = 21 + -16. Suppose -3*u + h = -5*b + 2, 5 = -2*b + 5*u. Suppose b*a + w = -5*a + 418, 2*w = a - 77. What is the tens digit of a?
8
Let f(h) = h**3 - h**2 - h + 4. Let o be f(2). Let w(u) = 9*u**2 + 7*u + 16. What is the tens digit of w(o)?
8
Suppose -3458 = 33*v - 95132. Let t = v + -1545. What is the units digit of t?
3
Let p = -71 - -73. Suppose w - 5 = -2. Suppose 0 = -c + 3*d + 153, 0 = -p*c + 2*d - w*d + 313. What is the tens digit of c?
5
Let u(w) = 4*w + 81. Let o be u(-13). Let n(y) = 9*y - 62. What is the tens digit of n(o)?
9
Let l = -31322 - -67140. What is the hundreds digit of l?
8
Suppose 0 = -3*k + 3*v + 26964, v - 7687 = -2*k + 10301. What is the units digit of k?
2
Let j = -921 + 8586. What is the hundreds digit of j?
6
What is the thousands digit of (-8409456)/1188*9/(-4)?
5
Suppose -8*w - 40*w = 0. Suppose -10*m + 7*m + 12 = w, -2*h = m - 1844. What is the tens digit of h?
2
Let c = -5006 + 14288. Suppose 0 = 22*k + 328 - c. What is the tens digit of k?
0
What is the ten thousands digit of (173584/24)/((-6)/(-9))?
1
Let z = 170 - 167. Suppose -12 = z*o, -o - 1594 = 2*m - 7*m. What is the tens digit of m?
1
Suppose 47562 = 303*d - 40914. What is the tens digit of d?
9
Let g be (-1672)/(-171) + 2/9. Suppose 4*z - 19446 = -g*z. What is the tens digit of z?
8
Let y(p) = -29*p**3 + 19*p**2 + 16 + 7*p - 14*p**2 + 26*p**3. Let t be (-1)/3 + (-16)/6. What is the hundreds digit of y(t)?
1
Let z(j) = -13*j + 18. Let f = -47 - -103. Suppose 5*w = -96 + f. What is the units digit of z(w)?
2
Let w(u) be the second derivative of -3*u**5/20 - u**4/4 + 3*u**3 + 43*u**2 - 3*u - 5. What is the tens digit of w(-7)?
4
Let c be ((-3948)/126)/(4/114). Let m = c + 1549. What is the hundreds digit of m?
6
Let k = -7679 + 20789. What is the units digit of k?
0
Let s(d) = -d**3 + 71*d**2 - 475*d + 201. What is the units digit of s(60)?
1
Let m(j) = 50*j + 163. Suppose i + 51 = 58. What is the tens digit of m(i)?
1
Suppose 3*k - 429 = -3*s + 864, -1699 = -4*s + k. What is the tens digit of (s + 1)*(4 - 3)?
2
Suppose 2*y + 4*y = 4*y. Suppose -p - 11*p + 792 = y. What is the units digit of p?
6
Suppose 103*g - 92*g + 302271 = 68*g. What is the thousands digit of g?
5
Let g be (-2682)/(-42) - (-2)/14. Suppose -q + g = -576. What is the hundreds digit of q?
6
Let h be 82544 + (-1 - 1 - -4) + 2. What is the tens digit of (-4)/(-10) + h/180?
5
Let d = -17361 - -25233. What is the thousands digit of d?
7
Let d be ((-1)/(-2))/((-30)/840). Let m be (9/(-6))/(-1)*1216. What is the tens digit of (m/d - 4/(-14))/(-2)?
6
Let g be (-25)/(0 + 4 - 5). Let z = g + -26. What is the tens digit of (1 - -2)*(z + 19)?
5
Let z = -6 - -8. Suppose 5*g - 493 = -2*t, -g + 2*t - 14 + 103 = 0. Suppose 7 = -z*f + g. What is the tens digit of f?
4
What is the hundreds digit of -45 - -34 - 214975/(-5)?
9
Suppose -1248 = -83*t + 89*t. Let p = t + 386. What is the units digit of p?
8
Let m(o) = -6*o + 4. Let x be m(0). Suppose -3*p - x*l + 661 = 0, 2*p - 183 = -5*l + 260. What is the units digit of p?
9
Let a = 2963 + -3181. Suppose 191 = -4*h + 3. Let n = h - a. What is the tens digit of n?
7
Let s = 15446 - 7577. What is the units digit of s?
9
What is the hundreds digit of (-2*(-204 - 2))/((-2)/(-31))?
3
Suppose 0 = -409*o + 386*o - 31387 + 288550. What is the ten thousands digit of o?
1
Let v(z) = -z**3 - 11*z**2 - 18*z + 2. Let b be v(-9). Suppose -x - 1135 = -b*n - 0*x, -2815 = -5*n - 2*x. What is the units digit of n?
5
Let m(g) = -g**2 + 39*g - 61. Let i be m(40). Let h = i - -270. What is the tens digit of h?
6
Suppose -7*b = -2*b - 2*b. Suppose v = 4*q - 915, 10 = -b*v + 2*v. Suppose -3*k + q + 99 = n, -k + n = -103. What is the units digit of k?
8
Let h = -175 - -5639. What is the tens digit of h?
6
Let n(k) = -283*k - 25. Let i(b) = 281*b + 23. Let v(r) = 3*i(r) + 4*n(r). What is the units digit